nd 911843.
73
Calculate the highest common divisor of 13614399 and 1377.
1377
What is the highest common divisor of 8063125 and 160923?
679
What is the greatest common factor of 65491765 and 3140?
785
What is the highest common divisor of 704 and 49240?
8
What is the greatest common divisor of 32461772 and 13160?
1316
Calculate the highest common factor of 3485265 and 33915.
1995
Calculate the greatest common factor of 6270592 and 448.
64
What is the highest common factor of 232270731 and 4851?
4851
Calculate the highest common factor of 555 and 7672135.
185
What is the greatest common factor of 36300 and 573600?
300
Calculate the highest common factor of 11444 and 5932.
4
Calculate the greatest common divisor of 856136 and 36050.
206
What is the highest common divisor of 141 and 2690421?
141
Calculate the greatest common divisor of 643684 and 1891.
31
Calculate the highest common factor of 540444 and 682776.
348
Calculate the greatest common factor of 2482905 and 555.
15
What is the greatest common divisor of 3 and 66270747?
3
Calculate the greatest common factor of 202 and 577114.
202
Calculate the greatest common divisor of 262 and 407801297.
131
Calculate the greatest common factor of 45 and 20285745.
15
Calculate the greatest common divisor of 67441 and 4433.
11
Calculate the greatest common divisor of 59859545 and 508.
127
What is the highest common factor of 50 and 61378?
2
What is the highest common divisor of 1931970 and 6120?
30
What is the highest common divisor of 16356 and 86844?
12
What is the highest common divisor of 20046495 and 426?
213
Calculate the greatest common divisor of 2728539 and 2970.
297
Calculate the highest common factor of 76409242 and 182.
182
Calculate the highest common factor of 31102251 and 6172.
1543
What is the highest common factor of 2787818662 and 109?
109
Calculate the highest common divisor of 280 and 41473544.
56
What is the highest common factor of 10688 and 65608288?
5344
Calculate the greatest common factor of 14025327 and 4656.
291
Calculate the greatest common divisor of 337389 and 57051657.
8229
What is the greatest common factor of 1323 and 37593?
9
What is the highest common factor of 541749920 and 80?
80
Calculate the highest common divisor of 10899242 and 18.
2
Calculate the highest common divisor of 45782750 and 500.
250
Calculate the greatest common divisor of 1 and 565430.
1
Calculate the highest common divisor of 58 and 4613878.
2
What is the greatest common divisor of 20774 and 371722?
442
Calculate the greatest common divisor of 223270 and 108730.
830
Calculate the highest common divisor of 45 and 1427103.
9
What is the highest common divisor of 67823599 and 86?
43
What is the greatest common factor of 149517 and 54?
9
What is the greatest common factor of 5735 and 516705?
185
Calculate the highest common factor of 10062 and 441954.
774
Calculate the greatest common divisor of 68441295 and 780.
195
Calculate the greatest common divisor of 684 and 5198153.
19
Calculate the highest common divisor of 7935 and 6389745.
345
Calculate the highest common divisor of 160 and 950473520.
80
Calculate the highest common divisor of 11637 and 42093.
27
What is the highest common factor of 260 and 34806460?
260
What is the highest common factor of 193658 and 6142?
74
What is the highest common divisor of 13497 and 175428?
33
Calculate the greatest common factor of 132066 and 234.
18
Calculate the highest common divisor of 1282755 and 1635.
15
What is the greatest common factor of 7 and 675262007?
7
What is the greatest common divisor of 1959754 and 14237?
619
Calculate the greatest common factor of 11 and 56624227.
11
What is the highest common divisor of 1037614 and 620?
2
Calculate the greatest common divisor of 35720 and 1541600.
1880
What is the greatest common divisor of 266615866 and 738?
82
What is the highest common divisor of 9434 and 347958939?
4717
What is the highest common factor of 2 and 30635796?
2
What is the highest common factor of 201161 and 289?
17
What is the highest common factor of 54 and 84599658?
18
Calculate the greatest common divisor of 642358 and 8.
2
What is the greatest common divisor of 25002 and 6311153?
463
What is the highest common factor of 698441604 and 84?
84
Calculate the highest common factor of 1794710 and 25.
5
What is the highest common factor of 775 and 59275?
25
What is the greatest common factor of 9 and 489627189?
9
What is the greatest common factor of 6885 and 493425?
2295
What is the highest common factor of 14740 and 43252?
44
What is the greatest common factor of 179 and 546703769?
179
Calculate the highest common factor of 41816052 and 14.
2
Calculate the highest common divisor of 29366641 and 629.
37
What is the greatest common factor of 8 and 173823176?
8
Calculate the highest common factor of 30 and 11871870.
30
Calculate the highest common divisor of 75106 and 1419776.
94
Calculate the highest common factor of 24276 and 60018.
42
Calculate the highest common factor of 19 and 300515761.
19
Calculate the greatest common factor of 3030 and 190540.
10
Calculate the highest common factor of 1838080 and 752464.
5744
What is the greatest common factor of 16388 and 1082331?
241
What is the greatest common factor of 42 and 38885798?
14
Calculate the highest common divisor of 4477008 and 247.
19
What is the highest common divisor of 2388 and 6959428?
796
Calculate the greatest common divisor of 27112789 and 891.
11
What is the greatest common divisor of 2404701 and 2925?
117
What is the greatest common factor of 232595951 and 7?
7
What is the highest common divisor of 90579249 and 9?
9
Calculate the highest common factor of 1529798954 and 3142.
3142
What is the highest common factor of 45651583 and 521?
521
Calculate the greatest common factor of 66060 and 7797282.
2202
Calculate the highest common divisor of 4074 and 7881832.
1358
What is the highest common divisor of 27245152 and 62486?
314
What is the greatest common factor of 28 and 397399954?
14
What is the greatest common divisor of 112750 and 260678?
902
What is the greatest common factor of 53088 and 89424524?
2212
Calculate the highest common divisor of 196 and 27074068.
196
Calculate the highest common divisor of 10248 and 51409824.
1464
Calculate the greatest common divisor of 6463 and 11360549.
281
What is the highest common factor of 5183807 and 981353?
1951
Calculate the greatest common factor of 247 and 118670865.
19
What is the greatest common divisor of 34688 and 2258761152?
17344
What is the highest common factor of 20021900 and 43852?
2308
Calculate the highest common divisor of 14685 and 12420.
15
Calculate the highest common divisor of 61244 and 82960.
244
What is the highest common factor of 1896251 and 245?
49
What is the greatest common factor of 1685 and 2783957?
337
Calculate the highest common divisor of 20995 and 1603355.
1105
What is the highest common divisor of 148 and 23162999?
37
Calculate the highest common factor of 10733217 and 132.
33
Calculate the highest common divisor of 128186820 and 828.
828
What is the greatest common factor of 2931525 and 774?
387
Calculate the greatest common factor of 52536 and 114048.
264
Calculate the greatest common divisor of 907380 and 58320.
180
Calculate the highest common factor of 135 and 151774506.
27
What is the greatest common divisor of 9296550 and 28470?
2190
Calculate the highest common factor of 4080 and 184656.
48
Calculate the greatest common divisor of 140162710 and 6590.
6590
What is the greatest common divisor of 154875 and 10115175?
525
Calculate the greatest common factor of 100035548 and 170.
34
What is the highest common factor of 22504 and 3298776?
776
Calculate the highest common divisor of 2728 and 10978154.
682
What is the highest common factor of 271031 and 6106383?
1819
What is the greatest common factor of 20891225 and 1310?
655
What is the greatest common factor of 7434 and 2838136?
826
What is the highest common divisor of 2662 and 12568028?
242
What is the greatest common factor of 1299025 and 839475?
2275
Calculate the greatest common factor of 823 and 5206298.
823
Calculate the highest common divisor of 52976 and 546.
14
Calculate the highest common divisor of 13840425 and 24246.
4041
What is the g